
List the prime factors of 724.
2, 181
List the prime factors of 25770.
2, 3, 5, 859
List the prime factors of 32319.
3, 7, 19
What are the prime factors of 16686?
2, 3, 103
What are the prime factors of 1442?
2, 7, 103
List the prime factors of 300.
2, 3, 5
List the prime factors of 4682.
2, 2341
What are the prime factors of 38?
2, 19
What are the prime factors of 6902?
2, 7, 17, 29
List the prime factors of 9861.
3, 19, 173
What are the prime factors of 1629?
3, 181
What are the prime factors of 730?
2, 5, 73
List the prime factors of 1791.
3, 199
What are the prime factors of 100334?
2, 13, 17, 227
List the prime factors of 2999.
2999
What are the prime factors of 160053?
3, 31, 1721
List the prime factors of 553.
7, 79
What are the prime factors of 7831?
41, 191
List the prime factors of 1514.
2, 757
What are the prime factors of 4?
2
List the prime factors of 903.
3, 7, 43
List the prime factors of 2683.
2683
What are the prime factors of 1879?
1879
What are the prime factors of 7493?
59, 127
List the prime factors of 2091.
3, 17, 41
What are the prime factors of 72799?
43, 1693
List the prime factors of 7553.
7, 13, 83
List the prime factors of 3613.
3613
List the prime factors of 11035.
5, 2207
List the prime factors of 4050.
2, 3, 5
List the prime factors of 31353.
3, 7, 1493
List the prime factors of 4336.
2, 271
What are the prime factors of 10176?
2, 3, 53
List the prime factors of 2117.
29, 73
What are the prime factors of 76866?
2, 3, 23, 557
What are the prime factors of 759?
3, 11, 23
List the prime factors of 164533.
41, 4013
What are the prime factors of 5834?
2, 2917
What are the prime factors of 140878?
2, 70439
List the prime factors of 2342.
2, 1171
What are the prime factors of 1557?
3, 173
What are the prime factors of 855?
3, 5, 19
What are the prime factors of 151142?
2, 75571
What are the prime factors of 13576?
2, 1697
What are the prime factors of 40615?
5, 8123
What are the prime factors of 809?
809
What are the prime factors of 1681?
41
What are the prime factors of 825?
3, 5, 11
List the prime factors of 1113.
3, 7, 53
What are the prime factors of 2863?
7, 409
List the prime factors of 48333.
3, 16111
What are the prime factors of 55186?
2, 41, 673
What are the prime factors of 1365?
3, 5, 7, 13
What are the prime factors of 384?
2, 3
List the prime factors of 7084.
2, 7, 11, 23
What are the prime factors of 58154?
2, 29077
What are the prime factors of 234?
2, 3, 13
What are the prime factors of 6444?
2, 3, 179
What are the prime factors of 24313?
41, 593
What are the prime factors of 2275?
5, 7, 13
List the prime factors of 12758.
2, 6379
List the prime factors of 3190.
2, 5, 11, 29
List the prime factors of 2826.
2, 3, 157
List the prime factors of 1440.
2, 3, 5
List the prime factors of 167.
167
List the prime factors of 2474.
2, 1237
What are the prime factors of 1130?
2, 5, 113
List the prime factors of 3463.
3463
List the prime factors of 486.
2, 3
What are the prime factors of 6922?
2, 3461
What are the prime factors of 83532?
2, 3, 6961
List the prime factors of 4953.
3, 13, 127
What are the prime factors of 9106?
2, 29, 157
List the prime factors of 10144.
2, 317
List the prime factors of 6838.
2, 13, 263
What are the prime factors of 3278?
2, 11, 149
List the prime factors of 21672.
2, 3, 7, 43
What are the prime factors of 71590?
2, 5, 7159
List the prime factors of 12135.
3, 5, 809
What are the prime factors of 33041?
19, 37, 47
What are the prime factors of 39802?
2, 7, 2843
List the prime factors of 3882.
2, 3, 647
What are the prime factors of 3439?
19, 181
List the prime factors of 20908.
2, 5227
List the prime factors of 10965.
3, 5, 17, 43
What are the prime factors of 3060?
2, 3, 5, 17
What are the prime factors of 52?
2, 13
List the prime factors of 91233.
3, 31, 109
List the prime factors of 530.
2, 5, 53
What are the prime factors of 80071?
80071
What are the prime factors of 1927?
41, 47
What are the prime factors of 126?
2, 3, 7
What are the prime factors of 5721?
3, 1907
What are the prime factors of 38673?
3, 4297
List the prime factors of 107928.
2, 3, 1499
What are the prime factors of 135529?
313, 433
What are the prime factors of 879?
3, 293
List the prime factors of 670.
2, 5, 67
What are the prime factors of 144395?
5, 28879
List the prime factors of 169523.
169523
What are the prime factors of 6671?
7, 953
What are the prime factors of 553?
7, 79
What are the prime factors of 135?
3, 5
What are the prime factors of 3777?
3, 1259
What are the prime factors of 8996?
2, 13, 173
What are the prime factors of 648?
2, 3
List the prime factors of 6137.
17, 19
List the prime factors of 51822.
2, 3, 2879
What are the prime factors of 615?
3, 5, 41
List the prime factors of 4204.
2, 1051
List the prime factors of 87775.
5, 3511
What are the prime factors of 1364?
2, 11, 31
List the prime factors of 203735.
5, 7, 5821
List the prime factors of 7095.
3, 5, 11, 43
What are the prime factors of 4370?
2, 5, 19, 23
List the prime factors of 2644.
2, 661
What are the prime factors of 614?
2, 307
What are the prime factors of 65603?
17, 227
List the prime factors of 9220.
2, 5, 461
List the prime factors of 5366.
2, 2683
What are the prime factors of 4390?
2, 5, 439
What are the prime factors of 1820?
2, 5, 7, 13
What are the prime factors of 3085?
5, 617
List the prime factors of 41245.
5, 73, 113
What are the prime factors of 24887?
41, 607
What are the prime factors of 508?
2, 127
List the prime factors of 35483.
7, 37, 137
What are the prime factors of 23001?
3, 11, 17, 41
What are the prime factors of 1422?
2, 3, 79
What are the prime factors of 313?
313
List the prime factors of 9410.
2, 5, 941
List the prime factors of 19529.
59, 331
List the prime factors of 41293.
7, 17, 347
What are the prime factors of 3017?
7, 431
What are the prime factors of 1191?
3, 397
List the prime factors of 1708.
2, 7, 61
What are the prime factors of 468?
2, 3, 13
What are the prime factors of 2373?
3, 7, 113
What are the prime factors of 332?
2, 83
List the prime factors of 703.
19, 37
List the prime factors of 20199.
3, 6733
What are the prime factors of 7792?
2, 487
What are the prime factors of 42946?
2, 109, 197
What are the prime factors of 60?
2, 3, 5
What are the prime factors of 4377?
3, 1459
List the prime factors of 521.
521
List the prime factors of 3197.
23, 139
List the prime factors of 11128.
2, 13, 107
List the prime factors of 8380.
2, 5, 419
What are the prime factors of 1052?
2, 263
What are the prime factors of 1055?
5, 211
List the prime factors of 43939.
7, 6277
List the prime factors of 1763.
41, 43
List the prime factors of 6714.
2, 3, 373
List the prime factors of 1602.
2, 3, 89
What are the prime factors of 14004?
2, 3, 389
What are the prime factors of 260?
2, 5, 13
What are the prime factors of 795?
3, 5, 53
What are the prime factors of 2739?
3, 11, 83
What are the prime factors of 3859?
17, 227
List the prime factors of 3400.
2, 5, 17
What are the prime factors of 4835?
5, 967
What are the prime factors of 153043?
11, 13913
What are the prime factors of 143138?
2, 71569
What are the prime factors of 7401?
3, 2467
List the prime factors of 25301.
25301
What are the prime factors of 4026?
2, 3, 11, 61
List the prime factors of 16502.
2, 37, 223
List the prime factors of 2622.
2, 3, 19, 23
List the prime factors of 5196.
2, 3, 433
What are the prime factors of 173751?
3, 57917
List the prime factors of 896.
2, 7
What are the prime factors of 24073?
7, 19, 181
What are the prime factors of 3778?
2, 1889
List the prime factors of 12895.
5, 2579
What are the prime factors of 390?
2, 3, 5, 13
What are the prime factors of 9059?
9059
What are the prime factors of 1473?
3, 491
List the prime factors of 45113.
197, 229
List the prime factors of 29902.
2, 14951
What are the prime factors of 1260?
2, 3, 5, 7
List the prime factors of 107728.
2, 6733
What are the prime factors of 50971?
50971
What are the prime factors of 614?
2, 307
List the prime factors of 291.
3, 97
What are the prime factors of 25909?
13, 1993
List the prime factors of 2728.
2, 11, 31
List the prime factors of 20410.
2, 5, 13, 157
What are the prime factors of 1295?
5, 7, 37
What are the prime factors of 878?
2, 43